ase 5.
-113
Convert 10 (base 15) to base 7.
21
What is 13 (base 15) in base 7?
24
What is -8b (base 12) in base 5?
-412
Convert -8 (base 15) to base 13.
-8
-1100 (base 2) to base 5
-22
-c9 (base 15) to base 3
-21000
What is 14 (base 16) in base 6?
32
-2 (base 14) to base 13
-2
What is -173 (base 8) in base 15?
-83
-2 (base 12) to base 11
-2
Convert 3 (base 5) to base 8.
3
6 (base 11) to base 12
6
What is 120210 (base 3) in base 16?
1aa
Convert 202 (base 8) to base 10.
130
3 (base 14) to base 4
3
2 (base 5) to base 12
2
Convert -11 (base 16) to base 3.
-122
Convert 9 (base 16) to base 3.
100
Convert -85 (base 9) to base 14.
-57
What is 33 (base 10) in base 6?
53
-10001010 (base 2) to base 10
-138
What is 3 (base 14) in base 6?
3
What is 5 (base 6) in base 11?
5
0 (base 12) to base 11
0
-a (base 14) to base 13
-a
Convert -3 (base 13) to base 16.
-3
Convert 50 (base 16) to base 3.
2222
-c0 (base 16) to base 10
-192
Convert -c (base 13) to base 4.
-30
-130 (base 4) to base 11
-26
What is -125 (base 9) in base 3?
-10212
Convert -2200 (base 3) to base 2.
-1001000
Convert 60 (base 14) to base 5.
314
Convert 1110 (base 4) to base 8.
124
Convert -2 (base 4) to base 7.
-2
What is 7 (base 14) in base 8?
7
-20 (base 10) to base 7
-26
Convert 6 (base 9) to base 5.
11
3 (base 7) to base 11
3
-23 (base 7) to base 5
-32
Convert -1 (base 12) to base 15.
-1
-123 (base 13) to base 16
-c6
1112 (base 3) to base 11
38
Convert 25 (base 6) to base 3.
122
What is -1110 (base 5) in base 15?
-a5
Convert a (base 15) to base 13.
a
Convert 431 (base 6) to base 11.
139
-4 (base 6) to base 15
-4
What is 155 (base 12) in base 7?
416
-28 (base 11) to base 2
-11110
Convert -67 (base 10) to base 3.
-2111
What is -1232 (base 4) in base 16?
-6e
-35 (base 6) to base 11
-21
13 (base 11) to base 8
16
10 (base 5) to base 13
5
0 (base 13) to base 4
0
Convert 2 (base 11) to base 4.
2
What is -4 (base 12) in base 7?
-4
What is -30 (base 5) in base 6?
-23
-c (base 13) to base 12
-10
What is -44 (base 7) in base 2?
-100000
11 (base 15) to base 13
13
Convert -2a4 (base 11) to base 5.
-2411
2 (base 7) to base 6
2
Convert 1 (base 12) to base 2.
1
What is -263 (base 8) in base 12?
-12b
What is -51 (base 11) in base 13?
-44
Convert 333 (base 4) to base 14.
47
What is 5 (base 16) in base 4?
11
What is -4 (base 12) in base 6?
-4
-3 (base 16) to base 15
-3
Convert -a1 (base 14) to base 15.
-96
-7 (base 10) to base 9
-7
What is 1 (base 11) in base 3?
1
5 (base 6) to base 12
5
Convert -13 (base 10) to base 7.
-16
25 (base 15) to base 3
1022
-3 (base 10) to base 15
-3
Convert 3 (base 9) to base 6.
3
What is 12 (base 3) in base 15?
5
13 (base 7) to base 12
a
What is 3 (base 11) in base 8?
3
Convert 0 (base 6) to base 8.
0
What is -47 (base 11) in base 8?
-63
What is -4 (base 10) in base 13?
-4
Convert 35 (base 15) to base 11.
46
Convert -9 (base 10) to base 4.
-21
What is 440 (base 5) in base 12?
a0
-10000 (base 2) to base 4
-100
-d7 (base 15) to base 4
-3022
Convert -1 (base 2) to base 16.
-1
Convert -58 (base 10) to base 14.
-42
Convert 5 (base 12) to base 6.
5
1 (base 7) to base 13
1
9 (base 14) to base 10
9
-111000 (base 2) to base 11
-51
2 (base 8) to base 4
2
Convert -100 (base 2) to base 4.
-10
Convert -2 (base 12) to base 3.
-2
What is 52 (base 7) in base 6?
101
-3 (base 5) to base 10
-3
13a (base 15) to base 8
430
12 (base 13) to base 7
21
Convert -4 (base 14) to base 16.
-4
What is -221 (base 3) in base 16?
-19
What is -5 (base 9) in base 11?
-5
Convert -10002 (base 3) to base 8.
-123
3 (base 8) to base 2
11
What is -4 (base 14) in base 5?
-4
Convert -1111 (base 2) to base 7.
-21
-214 (base 7) to base 14
-7b
Convert -10 (base 2) to base 14.
-2
What is 201 (base 3) in base 14?
15
-13 (base 5) to base 11
-8
-1b (base 15) to base 14
-1c
-2001 (base 3) to base 4
-313
Convert -13 (base 13) to base 6.
-24
What is -40 (base 6) in base 4?
-120
-147 (base 8) to base 13
-7c
Convert -11 (base 6) to base 4.
-13
Convert 4 (base 10) to base 13.
4
1e (base 15) to base 12
25
What is -202 (base 4) in base 11?
-31
What is 13 (base 4) in base 5?
12
-20 (base 7) to base 12
-12
Convert 20102 (base 3) to base 5.
1143
24 (base 7) to base 5
33
10011 (base 2) to base 16
13
Convert 8 (base 15) to base 8.
10
Convert b (base 16) to base 14.
b
What is 401 (base 5) in base 9?
122
Convert -8 (base 13) to base 16.
-8
What is -45 (base 13) in base 3?
-2010
Convert -12 (base 3) to base 7.
-5
Convert -3 (base 6) to base 7.
-3
Convert -141 (base 6) to base 3.
-2021
2 (base 15) to base 6
2
Convert -1 (base 4) to base 7.
-1
Convert -3c (base 15) to base 5.
-212
What is -a8 (base 13) in base 14?
-9c
-100 (base 2) to base 6
-4
Convert 3 (base 12) to base 7.
3
What is -3 (base 4) in base 5?
-3
154 (base 13) to base 12
17a
What is -32 (base 10) in base 2?
-100000
What is 3 (base 14) in base 12?
3
Convert 8 (base 12) to base 13.
8
What is -1 (base 4) in base 12?
-1
What is -5 (base 6) in base 4?
-11
Convert -2b (base 15) to base 11.
-38
0 (base 15) to base 16
0
-4 (base 14) to base 13
-4
0 (base 14) to base 3
0
-48 (base 13) to base 11
-55
What is -28 (base 10) in base 16?
-1c
Convert 4 (base 6) to base 8.
4
36 (base 11) to base 6
103
What is -11 (base 6) in base 11?
-7
What is 22 (base 15) in base 5?
112
Convert 17 (base 13) to base 14.
16
Convert -24 (base 7) to base 10.
-18
-3 (base 10) to base 9
-3
-44 (base 15) to base 12
-54
Convert 4 (base 13) to base 11.
4
a (base 14) to base 6
14
-10 (base 2) to base 13
-2
Convert -5 (base 10) to base 12.
-5
6 (base 10) to base 15
6
Convert -1110 (base 2) to base 5.
-24
Convert 245 (base 11) to base 6.
1203
What is -47 (base 8) in base 9?
-43
Convert 30 (base 6) to base 4.
102
What is -11021 (base 3) in base 2?
-1110011
-1 (base 12) to base 9
-1
Convert 103 (base 4) to base 10.
19
What is 45 (base 7) in base 10?
33
Convert 7 (base 8) to base 5.
12
Convert -2 (base 9) to base 11.
-2
Convert -23 (base 9) to base 6.
-33
What is -100 (base 2) in base 7?
-4
0 (base 16) to base 9
0
What is -2 (base 5) in base 2?
-10
What is -9 (base 16) in base 5?
-14
What is -103 (base 5) in base 16?
-1c
What is -13 (base 8) in base 4?
-23
What is d (base 16) in base 11?
12
What is -37 (base 10) in base 8?
-45
Convert -137 (base 14) to base 12.
-185
What is -124 (base 11) in base 4?
-2103
Convert 12 (base 9) to base 4.
23
What is 1 (base 16) in base 14?
1
-1 (base 15) to base 12
-1
Convert -26 (base 16) to base 3.
-1102
What is 2 (base 3) in base 5?
2
-7 (base 12) to base 9
-7
Convert 12 (base 15) to base 10.
17
Convert 1 (base 14) to base 4.
1
-21 (base 7) to base 5
-30
Convert -2 (base 4) to base 16.
-2
Convert -66 (base 12) to base 10.
-78
What is 3 (base 7) in base 4?
3
Convert 163 (base 7) to base 11.
86
What is 3 (base 4) in base 12?
3
Convert 3 (base 16) to base 6.
3
Convert 3 (base 5) to base 9.
3
What is 51 (base 7) in base 10?
36
What is 3 (base 11) in base 2?
11
Convert 13 (base 4) to base 3.
21
What is 19 (base 15) in base 10?
24
Convert 111 (base 3) to base 4.
31
What is 165 (base 7) in base 8?
140
-3 (base 5) to base 9
-3
What is 23 (base 6) in base 10?
15
What is -1e (base 16) in base 3?
-1010
What is 40 (base 13) in base 7?
103
-217 (base 9) to base 15
-bd
Convert 3 (base 16) to base 12.
3
Convert -1 (base 6) to base 11.
-1
Convert -3 (base 7) to base 6.
-3
What is -1 (base 10) in base 8?
-1
What is -2c (base 13) in base 9?
-42
Convert e7 (base 15) to base 6.
1001
2 (base 12) to base 13
2
What is 101210 (base 3) in base 5?
2131
Convert -7 (base 14) to base 2.
-111
-7 (base 10) to base 14
-7
Convert -10 (base 2) to base 11.
-2
Convert -11 (base 2) to base 11.
-3
37 (base 8) to base 10
31
110122 (base 3) to base 13
203
What is 0 (base 13) in base 5?
0
Convert -20100 (base 3) to base 14.
-c3
What is -158 (base 14) in base 3?
-101011
-1132 (base 5) to base 8
-247
-13 (base 5) to base 15
-8
14 (base 7) to base 16
b
What is -10 (base 4) in base 14?
-4
116 (base 11) to base 13
a8
144 (base 9) to base 13
94
-168 (base 9) to base 11
-120
0 (base 10) to base 4
0
Convert -b (base 12) to base 5.
-21
b (base 15) to base 2
1011
Convert 0 (base 8) to base 9.
0
Convert 59 (base 10) to base 14.
43
Convert 643 (base 7) to base 11.
276
-1 (base 9) to base 3
-1
-13 (base 13) to base 12
-14
What is 2 (base 11) in